Suppose 4*s + 24 = 4*i, 29 = -8*i + 12*i - 5*s. Suppose -2*p + i = -d, -2*d + 3*p + 2*p - 6 = 0. Calculate the greatest common factor of 14 and d.
7
Let q = -18 + -7. Let r = 38 + q. Suppose -r = -4*l + 27. Calculate the highest common divisor of 25 and l.
5
Let s(x) = -x**2 + 10*x + 7. Let a be s(6). Suppose 26*p = a*p. Suppose 5*y - 174 + 54 = p. What is the highest common factor of y and 264?
24
Let i(x) = 239*x**2 + 144*x + 437. Let d be i(-3). Calculate the highest common divisor of d and 112.
28
Let b = -2164 - -2168. Suppose 0 = -3*s + 7*s - 276. Suppose b*p - 405 + s = 0. Calculate the highest common factor of p and 21.
21
Let t be (1215/(-324))/((-1)/284). What is the highest common divisor of t and 165?
15
Suppose -5*t + 9*t - k = 298, -5*k = 10. What is the greatest common factor of 14726 and t?
74
Suppose 2*p + 4 = 3*p. Let o(r) = -r**3 + 127*r**2 + 2285*r - 10. Let u be o(-16). What is the highest common divisor of u and p?
2
Let z be (1428/(-3570))/((-6)/285). Suppose 5*a - 6 = 184. What is the highest common factor of z and a?
19
Suppose 56*t - 740 = 19*t. Calculate the greatest common divisor of t and 1660.
20
Suppose 0 = 1018*s - 987*s - 217. Calculate the greatest common factor of s and 2023.
7
Let f be -3 - (5 - -3 - 39). Let c be f*((-420)/(-220) + (-2)/(-22)). What is the highest common divisor of 196 and c?
28
Suppose -87*h + 99*h - 11004 = 0. What is the highest common divisor of h and 393?
131
Suppose -5*i - 2820 = -47*u + 42*u, 0 = 5*u - i - 2804. What is the highest common factor of 70 and u?
70
Let a = 145 - -61. Let j = -142 + a. What is the highest common divisor of 16 and j?
16
Let l(u) = -24*u + 2 - 8 + 1 - 2. Let s be l(-3). What is the greatest common factor of 26 and s?
13
Suppose 0 = -2*o - 24 + 16, 4*k + 5*o = 92. Calculate the greatest common factor of k and 5334.
14
Let w be (-307 - -308 - (-82)/14)*(-154)/(-4). Let d(p) = -2*p + 6. Let a be d(-9). Calculate the highest common factor of w and a.
24
Let c = -198 - -420. Let q(g) = g**3 + 13*g**2 + 15*g - 2. Let o be q(-10). What is the greatest common divisor of c and o?
74
Let y(m) = -m**3 - 20*m**2 - 18*m + 15. Let b be y(-19). Let o be (-6)/b*(-8)/(-4) + 0. Suppose -2*g + 87 = -o. Calculate the highest common factor of g and 18.
9
Let r = -12680 + 12761. What is the greatest common factor of 3807 and r?
81
Let u be (-477)/(-12) + 1 - (-5)/20. Let n = 96 - u. Calculate the greatest common factor of 110 and n.
55
Let b(y) = 10*y + 2. Let o be b(0). Suppose -o = 3*x - 17. Suppose -6 = -2*p + 4. Calculate the greatest common divisor of x and p.
5
Let h be ((-2)/3)/(30720/(-15345) - -2 - 0). Calculate the greatest common factor of 2139 and h.
31
Let g be (-920)/4*(6 + 544/(-80)). Calculate the highest common factor of g and 26680.
184
Let s be 6/9 - (-962)/6. Suppose -3*f + 25 = -2*i, 8*i = -2*f + 11*i + 20. What is the highest common factor of f and s?
7
Suppose 0 = -42*d + 45*d - 57. Suppose d*p - 15 = 16*p. Suppose 2*j = -p*c + 30, -32 = -4*j + 2*c + 2*c. Calculate the greatest common factor of 4 and j.
2
Let c = -883 + 897. Let a = 264 + -51. Let p = a - 143. Calculate the greatest common divisor of c and p.
14
Suppose -87 = -3*b + 75. Let u = 35246 + -34940. Calculate the highest common divisor of b and u.
18
Suppose 26*n - 21384 = 47*n - 27*n. What is the greatest common divisor of 44 and n?
44
Let t(v) = -120*v - 14448. Let b be t(-143). What is the highest common factor of b and 24?
24
Suppose 2*m + 90*v - 91*v - 1758 = 0, -3*m = 2*v - 2630. What is the greatest common divisor of m and 16?
2
Suppose 99*i - 2221 - 14161 = 11338. Calculate the highest common factor of i and 210.
70
Let k(y) = 17*y**2 - 17*y + 119. Let f be k(6). Let m = f - 426. What is the greatest common factor of m and 174?
29
Let t be (194259/(-442))/((-3)/2). What is the highest common factor of t and 31937?
293
Suppose -23*a = -40*a + 612 + 612. What is the greatest common factor of 2664 and a?
72
Suppose -12 = -4*t, m - 2*t + 0*t - 49 = 0. Suppose -2*v = n + 46, 5*v = -4*n + 4*v - 163. Let h = n + 51. What is the greatest common factor of h and m?
11
Suppose -56 + 128 = 18*a. Suppose -a*p = 5*t - 404, 5*t + 4 = 6*t. Calculate the highest common divisor of 12 and p.
12
Let q(c) = c**2 + 4*c - 66. Let p be q(9). Suppose -1287 = -60*b + p*b. Calculate the highest common factor of b and 11.
11
Let y = 472 - 456. Suppose -y = -2*h + w, 4*h - w - 3 - 31 = 0. What is the highest common divisor of 63 and h?
9
Let l = -2 + 3. Suppose 0 = -4*o + 16, 2*g + 5*o + 26 = 10*o. Let f be (-9)/(-1) + g + -9 + 6. Calculate the greatest common factor of l and f.
1
Suppose -57*u + 34*u - 324 = -35*u. Calculate the highest common divisor of 3672 and u.
27
Suppose 4*x - 1243 + 460 = -z, 5*z = -3*x + 3881. What is the highest common divisor of 500 and z?
25
Let j(p) = -2*p**3 + 8*p**2 - 6*p + 4. Let q be j(5). Let w = q - -113. Calculate the highest common divisor of 148 and w.
37
Suppose 0 = -2*u + 5*f + 61, -195*u + 199*u - 77 = f. What is the greatest common factor of u and 84?
6
Let c(m) = -m**2 + 7*m + 28. Let h be (-12)/(-2) + (-21)/(-49)*7. Let f be c(h). Suppose -8*s = -16*s + 48. What is the greatest common divisor of f and s?
2
Let y(j) = j**2 - 2*j + 3. Let k be y(-6). Let o = -432 - -428. Let s(d) = 15*d + 77. Let h be s(o). What is the highest common divisor of h and k?
17
Let x(k) = 212*k - 1201. Let m be x(8). What is the highest common factor of m and 825?
165
Let x(t) = t**2 - 17*t + 73. Let h be x(7). Let q be (-1532)/(-20) + (24/10 - h). Calculate the greatest common divisor of 190 and q.
38
Let i(t) be the first derivative of 25*t**3/3 - t**2/2 - 2*t + 2. Suppose -12*q - 4 = -8*q. Let m be i(q). Calculate the highest common divisor of m and 60.
12
Let r = 46531 + -30333. What is the highest common factor of 178 and r?
178
Suppose -4*t + 0*u + 3*u - 188 = 0, 4*u = -2*t - 72. Let o = t - -94. Let b be 6 + 20/2 + -6. Calculate the greatest common factor of o and b.
10
Let k(m) = -m**3 - 51*m**2 - 40*m - 256. Let j be k(-51). Calculate the greatest common factor of 16 and j.
8
Suppose 3*a = 7 + 11. Let c(x) = 110*x - 5. Let g be c(-1). Let p = 169 + g. What is the greatest common factor of p and a?
6
Suppose -107 = -p - 27. Suppose 44 = 2*i - g - 11, -4*i - 2*g + 130 = 0. Calculate the greatest common factor of p and i.
10
Let g(j) = 1704*j + 64. Let k be g(0). Calculate the highest common factor of k and 3528.
8
Suppose -3*h = 2*m - 2894, 8*m - 1450 = 7*m - h. What is the highest common divisor of m and 168?
56
Let t(x) = 93*x - 328. Let d be t(4). Calculate the greatest common divisor of 20812 and d.
44
Let i(q) = q**2 + 34*q - 65. Let g be i(-36). Calculate the greatest common factor of g and 413.
7
Suppose 9*w - 10*w = -5*l + 216, 5*l = -w + 224. What is the greatest common divisor of l and 1408?
44
Let i be (108/(-48))/(2/(-176)). Suppose -30 = -8*z + 3*z. Let q be (9/z)/(1/12). Calculate the highest common factor of q and i.
18
Let g be (2 - 4)/(4/(-8)). Suppose -g*c - 2*v = 2*v - 180, -2*c + 4*v = -120. Let d = c - 40. What is the greatest common divisor of d and 90?
10
Suppose 250*y = 230*y + 97020. Calculate the highest common factor of y and 396.
99
Suppose 102 = -5*o + 342. Suppose -o = 9*j + 6. Let v = 8 + j. Calculate the highest common factor of 22 and v.
2
Let t = -5837 + 5972. What is the highest common divisor of 435 and t?
15
Suppose -1 = r - 0, 2*o + 3*r + 5 = 0. Let b be ((-12)/(-30))/(o/(-20)). Suppose b*v = 11*v - 210. What is the greatest common divisor of 10 and v?
10
Suppose i - 193 = -5*d, 2*i = 4*d - i - 143. Suppose 0 = 3*g - 48 - 48. Suppose 76 = -g*p + 36*p. What is the greatest common divisor of d and p?
19
Let z = -3 + 6. Suppose 0 = -5*o - 2*q + 51 - 5, 0 = -z*o - 3*q + 33. Let w be (-1760)/(-68) - o/(-68). What is the greatest common divisor of w and 130?
26
Let u(o) = 5 - 13*o + o + 10*o. Let y be u(-1). Suppose y = -3*d + 52. Calculate the greatest common factor of 60 and d.
15
Suppose -l + 44 = 2*l + 4*j, -18 = -l - 3*j. Let h = 23 + -17. Let f be (-16)/(1 - 10/h). Calculate the greatest common factor of l and f.
12
Suppose -12*v = 5*v + 1632. Let t = v - -50. Let u = t + 116. What is the highest common factor of 28 and u?
14
Let s = 4358 - 4316.